e greatest common factor of 825 and 48114.
33
Calculate the highest common divisor of 255 and 118485.
15
What is the greatest common factor of 23277 and 3?
3
What is the greatest common factor of 24272 and 259?
37
Calculate the highest common factor of 7000 and 130750.
250
Calculate the highest common factor of 5288 and 2696.
8
Calculate the highest common factor of 15 and 241835.
5
What is the highest common factor of 956 and 15535?
239
What is the greatest common factor of 4930 and 10817?
29
What is the highest common factor of 1048 and 2512?
8
Calculate the greatest common divisor of 56 and 109800.
8
What is the highest common divisor of 78 and 31356?
78
What is the greatest common factor of 41258 and 686?
98
What is the greatest common divisor of 60 and 312435?
15
What is the greatest common factor of 8 and 9782?
2
What is the greatest common divisor of 10 and 88246?
2
What is the highest common factor of 276 and 15801?
69
Calculate the greatest common divisor of 1268 and 2298250.
634
What is the greatest common factor of 188 and 29563?
47
What is the greatest common divisor of 670 and 210514?
134
What is the greatest common divisor of 26526 and 48?
6
Calculate the highest common divisor of 15435 and 45.
45
Calculate the highest common divisor of 22 and 169862.
22
What is the highest common factor of 932496 and 16?
16
What is the greatest common factor of 45 and 1048080?
15
Calculate the greatest common divisor of 8 and 291008.
8
Calculate the greatest common factor of 360503 and 209.
11
Calculate the highest common divisor of 2144 and 4958.
134
Calculate the greatest common divisor of 10595 and 5738252.
2119
Calculate the greatest common factor of 74336 and 202.
202
What is the greatest common factor of 25 and 655600?
25
Calculate the greatest common divisor of 23638 and 1784.
446
What is the highest common factor of 119706 and 568?
142
Calculate the highest common divisor of 2310 and 67848.
66
Calculate the greatest common factor of 69010 and 309.
103
Calculate the greatest common divisor of 56 and 70288.
8
Calculate the greatest common divisor of 455 and 162253.
91
Calculate the greatest common factor of 5880 and 651.
21
Calculate the highest common divisor of 946 and 1023.
11
Calculate the highest common divisor of 108 and 3267.
27
Calculate the highest common factor of 6865 and 5.
5
Calculate the highest common factor of 315839 and 29.
29
Calculate the highest common factor of 2037 and 1412999.
679
Calculate the greatest common factor of 1240 and 304.
8
Calculate the greatest common factor of 3345 and 4305.
15
What is the greatest common factor of 340696 and 148?
148
What is the greatest common factor of 2191 and 1052306?
313
What is the highest common divisor of 1141 and 4075?
163
Calculate the greatest common factor of 1168469 and 161.
23
What is the highest common factor of 21518 and 848?
106
What is the highest common factor of 1884 and 686404?
628
Calculate the greatest common divisor of 904986 and 36.
18
Calculate the highest common factor of 356258 and 28.
14
Calculate the greatest common factor of 1638 and 3094.
182
Calculate the greatest common factor of 8047 and 322499.
619
What is the greatest common factor of 51247 and 49?
7
Calculate the greatest common factor of 2632 and 84553.
329
What is the greatest common factor of 48 and 57054?
6
Calculate the greatest common divisor of 5550 and 8250.
150
What is the highest common factor of 447 and 121584?
447
What is the highest common divisor of 2364530 and 40?
10
What is the greatest common divisor of 270 and 9210?
30
Calculate the greatest common factor of 3635 and 160667.
727
Calculate the greatest common factor of 260 and 508.
4
What is the highest common divisor of 2785406 and 1490?
298
Calculate the highest common divisor of 567 and 103383.
189
What is the highest common divisor of 60 and 283440?
60
Calculate the greatest common divisor of 620 and 29915.
155
What is the highest common divisor of 148 and 1112?
4
Calculate the highest common divisor of 23312 and 1128.
376
Calculate the greatest common factor of 18 and 45246.
6
What is the highest common factor of 2570 and 20?
10
What is the greatest common divisor of 34 and 10554382?
34
Calculate the greatest common factor of 511476 and 1092.
84
What is the greatest common divisor of 42 and 56042?
14
What is the greatest common factor of 701716 and 217?
31
Calculate the highest common factor of 75043 and 101.
101
What is the highest common divisor of 243 and 313713?
243
What is the highest common divisor of 243743 and 355?
71
What is the greatest common divisor of 1308360 and 720?
120
What is the greatest common divisor of 36647 and 65?
13
What is the greatest common divisor of 4820 and 3?
1
What is the highest common factor of 39527 and 141?
47
Calculate the greatest common divisor of 16888 and 8.
8
What is the highest common divisor of 318091 and 993?
331
What is the greatest common factor of 245071 and 1?
1
Calculate the greatest common divisor of 6877 and 468.
13
Calculate the highest common factor of 9288 and 80.
8
What is the highest common divisor of 317699 and 2622?
437
What is the highest common factor of 9747 and 65664?
513
What is the greatest common factor of 1390 and 1830?
10
What is the highest common divisor of 144000 and 256?
128
What is the highest common factor of 18704 and 546424?
1336
Calculate the greatest common factor of 234 and 45090.
18
What is the greatest common divisor of 14378 and 1232?
14
What is the highest common divisor of 18936 and 96?
24
Calculate the greatest common divisor of 504 and 237132.
252
What is the highest common divisor of 268 and 36?
4
Calculate the highest common factor of 99 and 16137.
99
Calculate the greatest common factor of 139 and 138583.
139
Calculate the highest common factor of 17248 and 385.
77
Calculate the greatest common divisor of 9292 and 828.
92
What is the greatest common divisor of 605 and 1417515?
605
Calculate the highest common factor of 360 and 366360.
120
Calculate the greatest common factor of 39 and 375.
3
Calculate the highest common divisor of 27258 and 3948.
42
Calculate the greatest common factor of 15 and 8391.
3
What is the greatest common divisor of 398 and 1822044?
398
Calculate the highest common divisor of 1769 and 1827.
29
What is the greatest common factor of 642276 and 81?
27
What is the highest common divisor of 1944 and 192?
24
What is the highest common divisor of 7922 and 1496?
34
What is the greatest common divisor of 6301535 and 1039?
1039
Calculate the highest common divisor of 2067 and 74178.
39
What is the greatest common factor of 924 and 135531?
33
Calculate the greatest common factor of 6264 and 30.
6
Calculate the highest common factor of 782 and 19826.
46
What is the greatest common factor of 890526 and 11184?
1398
Calculate the highest common factor of 37696 and 532.
76
Calculate the greatest common divisor of 10534 and 598.
46
What is the highest common factor of 29696 and 26448?
464
What is the highest common divisor of 4 and 165428?
4
Calculate the highest common factor of 6 and 780456.
6
What is the highest common factor of 24015 and 85?
5
What is the highest common factor of 19561 and 434?
31
Calculate the greatest common divisor of 17596 and 41817.
53
Calculate the highest common factor of 14 and 109410.
14
What is the highest common divisor of 104702 and 1404?
26
What is the greatest common factor of 9085 and 4255?
115
Calculate the highest common factor of 1276 and 46904.
44
What is the greatest common divisor of 42 and 698187?
21
Calculate the highest common divisor of 45701 and 713.
23
What is the greatest common factor of 30 and 8230?
10
What is the greatest common factor of 1891 and 4880?
61
What is the greatest common factor of 3816 and 40757?
53
What is the greatest common divisor of 171150 and 240?
30
What is the greatest common factor of 220 and 13380?
20
What is the greatest common divisor of 6500234 and 962?
962
Calculate the highest common divisor of 19049 and 43.
43
Calculate the greatest common factor of 3740 and 350.
10
What is the highest common factor of 44145 and 4185?
135
Calculate the greatest common divisor of 132573 and 53607.
321
Calculate the highest common divisor of 30270 and 7470.
30
Cal